or of y and 209?
11
Let m(r) be the second derivative of -11*r**3/2 - 3*r**2/2 + r. Let c = 771 - 772. Let t be m(c). What is the greatest common divisor of t and 15?
15
Let x be 6/(24/(-34))*-2. Calculate the highest common factor of x and 136.
17
Let m = -2126 - -2334. Suppose -2*n - 10 = -7*n. Suppose -5*z = -n*x - 156 - m, 3*x - 66 = -z. Calculate the greatest common divisor of 8 and z.
8
Let i(j) = 3 + 21*j - 46*j + j**2 + 28 + 42*j. Let k be i(-16). Let w(m) = m**2 - m. Let u be w(6). What is the greatest common divisor of k and u?
15
Suppose c = -2*c - 132. Let z be (-5 - c/8)*(71 + 1). Let j = z + -24. Calculate the highest common divisor of j and 36.
12
Suppose 3*u + 5*b = 55 + 1, 5*u - 115 = -4*b. Suppose 3*i = -2*w + 79, 4*i - 114 + u = w. Let p = -5201 + 5454. Calculate the highest common divisor of p and i.
23
Suppose -5*m = -5*s + 140, 3*m = 9 + 3. Let j be (608/266)/(-2 - 32/(-14)). Calculate the greatest common factor of s and j.
8
Let h be ((-2)/8)/((-77)/44044). Let p be 26/h - ((-8600)/11 + -1). Calculate the greatest common divisor of 29 and p.
29
Let w(t) = -214*t - 1939. Let i be w(-24). What is the greatest common divisor of i and 23?
23
Suppose 4*z + 1744 = 4*v, 4*v + z = -3*z + 1704. Let l = v - 301. Calculate the highest common divisor of l and 26.
26
Suppose -7*t = -724 + 325. Suppose -5*b + 354 = -501. What is the highest common factor of b and t?
57
Suppose 0 = -2*l + 3*o + 41, 0*l = -2*l - 3*o + 35. Let h(z) = -116*z**2 + 1735*z + 76. Let i be h(15). What is the highest common divisor of i and l?
1
Suppose -2*j = 0, 2*s + 416 = -2*s + 2*j. Let n = 18 + -146. Let d = s - n. What is the highest common divisor of d and 36?
12
Let c = 2890 - 2810. Calculate the highest common factor of 2360 and c.
40
Let o = -148 + 155. Let s(w) = w**3 + 8*w**2 + w + 15. Let x be s(-8). Calculate the greatest common divisor of x and o.
7
Let l be 2 - 6*(-2 - 2)/(-12). Let o(n) = -n**3 + n**2 + n + 5. Let s be o(l). Suppose -812 - 893 = -s*y. Calculate the greatest common factor of y and 31.
31
Suppose -1418 = -2*c - 2*b, 0 = c - 9*b + 14*b - 677. What is the greatest common factor of c and 4063?
239
Suppose 771 = 5*k - 4*g, -389 = -2*k + 3*g - 82. Let h be 151 + 6 + -5 + 20/5. Suppose 143*p = h*p - 806. Calculate the greatest common divisor of k and p.
31
Suppose -5*n + 5*k = -10*n + 520, -5*n = k - 532. Suppose 111*r = n*r + 320. Calculate the highest common factor of r and 180.
20
Suppose -s + 13 = -5*o, s = 4*o + 5 + 3. Let p = -1024 + 993. Let l = s - p. What is the greatest common factor of l and 266?
19
Suppose 2*j = -3*j + 365. Suppose -77*b + j*b = -20. Suppose -b*a + 3*a = -60. Calculate the highest common factor of a and 75.
15
Suppose -384 = -174*d + 138. What is the greatest common divisor of d and 384?
3
Let r = -42 + 40. Let j be (-7 - -5)*(-2)/(-4)*r. Suppose -5*w + 15 = 0, -127 = -j*v + 3*w + 54. What is the highest common factor of v and 19?
19
Let r(d) = 21*d**2 - 3*d. Let h be (3/(-4))/(27/(-72)). Let m be r(h). Let u be ((-52)/m)/((-2)/1113). What is the highest common factor of u and 53?
53
Let z = -4985 - -8216. What is the greatest common factor of z and 27?
9
Let r be ((-55)/20 + 4)/((-15)/(-7080)). Calculate the highest common divisor of r and 30.
10
Suppose -542*z + 1154 + 319 = -494*z + 321. Suppose -4*g - 2961 - 679 = -5*q, 0 = g - 5. What is the highest common factor of q and z?
12
Let c = 898 - 1465. Let w = -534 - c. What is the highest common factor of 88 and w?
11
Let o(g) = 35*g + 1607. Let s be o(-44). Calculate the greatest common factor of s and 39932.
67
Let x be 7/(-35) - (4105/25)/(-1). Let i = 23 + -19. Calculate the greatest common divisor of i and x.
4
Let s = 46 - -71. Let b be ((-2)/4)/(7*(-12)/3024). Calculate the greatest common divisor of s and b.
9
Let k = 280 + 112. Suppose k = -9*b + 23*b. What is the highest common divisor of b and 182?
14
Let g(x) = 88*x + 1578. Let n be g(-17). What is the greatest common factor of n and 3403?
41
Suppose 3*l - 26635 = 5*o, -3*o = 2*l + 3872 - 21616. Calculate the greatest common divisor of 125 and l.
125
Suppose 6*c + 3*c - 9 = 0. Let g be (c - 15/(-4))/(105/420). Calculate the greatest common divisor of 19 and g.
19
Let z(j) = j - 22. Let c be z(7). Let t be (-12)/c*(-45)/18. Let s be t/1 - -32 - 3. What is the highest common divisor of 27 and s?
27
Suppose -4*p + 37 - 13 = 0. Let w(o) = -o**2 - 5*o - 2. Let g be w(-1). Let m be (g/(-4))/(2 - (-245)/(-120)). What is the greatest common factor of p and m?
6
Let f(j) = j**3 - 60*j**2 - 324*j + 117. Let p be f(65). Calculate the highest common divisor of p and 273.
91
Let l(p) = 971*p - 2821. Let o be l(3). Calculate the highest common divisor of o and 391.
23
Let c(n) = 5*n + 18. Let t(i) = i + 1. Let a(g) = c(g) - 3*t(g). Let q be a(0). Suppose q = b - 0. What is the greatest common divisor of 15 and b?
15
Let t be 9536/112 + -14 + (-12)/(-14). Let p be (2 - -5) + t/3. What is the highest common divisor of 992 and p?
31
Suppose -2801 = 29*t - 45228. What is the greatest common factor of 693 and t?
77
Let n = 16581 + -4906. Calculate the highest common divisor of n and 50.
25
Suppose 1679 = 57*x + 1806 - 4174. What is the highest common divisor of x and 5751?
71
Let u(t) = t**3 + 2*t**2 - 5*t + 5. Suppose -35*d = -41*d + 18. Let a be u(d). What is the highest common divisor of 63 and a?
7
Let j = -3 + -50. Let p = -46 - j. Let o = p + 53. What is the greatest common divisor of o and 36?
12
Let v = -210 + 210. Suppose -388*r + 390*r - 40 = v. What is the greatest common divisor of 15 and r?
5
Let x(o) = 4*o**2 + 12*o + 4. Let d be x(-6). Let r = 195 - d. Calculate the highest common divisor of 17 and r.
17
Let r(i) = 46*i - 274. Let s(z) = 8*z**2 + 9*z + 7. Let v be s(-1). Let k be r(v). What is the greatest common factor of 162 and k?
2
Let b be (-1)/((15/3)/(-10)). Suppose 0 = -2*q + b, 38 = p + 2*q - 14. Suppose -5*g + p = -0*g. Calculate the greatest common divisor of g and 270.
10
Let t be ((-12)/30 + (-78)/5)/(-1). Suppose 0 = t*g - 19*g + 144. What is the greatest common divisor of 432 and g?
48
Suppose 24 = -11*b - 9. Let j(h) = -h - 1. Let z be j(b). Suppose 13 = z*t + 9. What is the highest common divisor of 16 and t?
2
Suppose 0 = m + 12 - 563. Let k(x) = 3651*x - 332183. Let r be k(91). What is the highest common factor of m and r?
29
Suppose 0 = -321*o + 328*o - 2205. What is the greatest common factor of 84 and o?
21
Suppose 4*h + w - 2*w - 123 = 0, 5*h + 4*w - 159 = 0. Calculate the greatest common divisor of h and 713.
31
Suppose 3*b - q = 7279 + 6361, -9112 = -2*b - 4*q. Calculate the highest common divisor of b and 12.
12
Let l = 114 - 91. Let y be (0 + 2)*-379 - 1. Let d be y*((-8)/(-3) + -3). What is the highest common divisor of d and l?
23
Let v = -13127 - -13141. Calculate the highest common factor of 14154 and v.
14
Let k be (-52)/(-13) + (1 - -1). Let q(x) = x**3 + 8*x**2 - 12*x - 2. Let h be q(-9). Let m = h + -10. Calculate the highest common divisor of m and k.
3
Let t(a) = 9*a**2 - 5*a - 142. Let m be t(14). What is the greatest common factor of 97 and m?
97
Suppose 12*x + 2 + 10 = 0. Let q be (x - -2 - 82)*(-5)/15. Let k be ((-14)/(-4) - 4) + q/6. Calculate the greatest common divisor of k and 20.
4
Suppose 0 = 4*w - v + 76, 3*w - 5*w - 24 = -4*v. Let x = w - -22. Suppose -22 = -4*m + 18. What is the greatest common factor of m and x?
2
Let b = -69 - -101. Suppose -4 = -3*g - f + 5, -b = -5*g + 4*f. Suppose -k - 5*n = -35, -13 - 7 = -g*n. What is the greatest common divisor of 4 and k?
2
Let x(k) = -k**2 + 10*k + 3. Let v = -73 - -76. Let u be x(v). What is the greatest common factor of 8 and u?
8
Let o = 95 - 191. Let v be (o/15 - -4)*-5. Suppose -10*l - n = -5*l - 30, -5*l + 30 = -4*n. Calculate the greatest common divisor of l and v.
6
Suppose 0 = 4*k - 5*t + 17, 5*k - 4*t - t = -15. Let r be (-1144)/352 - 2/(-8). Let g be (3 - r - -1)*(-2 + 3). What is the highest common factor of k and g?
1
Let k(f) = 27*f**2 - 1698*f - 134. Let i be k(63). What is the greatest common factor of 8701 and i?
11
Suppose -5*f + 16911 + 20954 = 7275. Calculate the highest common factor of 805 and f.
161
Let x = 32196 - 32088. Let j be 81/12*(-24)/(-1). Calculate the greatest common 